- 23*b - 139. Let s(n) = n**3 + 3*n**2 + 29*n + 118. Let c be s(-4). Give u(c).
-13
Let m(g) = -28*g + 16. Suppose 269*w = z + 274*w - 14, 3*z = -w + 14. What is m(z)?
-96
Let k(d) = -6*d + 8. Let y(x) = x**3 + 6*x**2 - 9*x - 9. Let c be y(-7). Let w(a) = -155 + 78 - a + 77 + 0*a. Let b(n) = c*w(n) - k(n). Calculate b(7).
-1
Let f(q) = 26*q**2 - q. Let l = 4 + -6. Let g(c) = 4*c**2 - 304*c + 34. Let m be g(76). Let o be m/(-17) + l/(-2). What is f(o)?
27
Let y(z) = 9*z**2 - 11*z + 25. Let a(s) = -11*s**2 + 11*s - 30. Let t(g) = -4*a(g) - 5*y(g). Give t(4).
23
Let f(u) = -2*u**3 + 2*u**2 - 3*u. Let d = 40 + -30. Let z be ((-4)/d)/(96/(-30) - -3). Calculate f(z).
-14
Let c = 91 - 76. Suppose -2*k - r = -c, -3*k + 2*r = -0 - 12. Let y(v) = 27 + 2*v - 3*v - 13 - 15. Give y(k).
-7
Let n = 10 - 20. Let w be 0 - 2/(-4)*n. Let z(j) = 236 - 116 + 3*j - 110 - 2*j. What is z(w)?
5
Let i be ((-40)/28 - 20/35)*-2. Let l be (-1)/(14/8)*(-70)/i. Let o(c) = c**3 - 10*c**2 - 4*c + 10. Determine o(l).
-30
Let p(x) be the second derivative of 1/2*x**3 + 6*x + 1/20*x**5 + 5/12*x**4 - 3/2*x**2 + 0. Let g = -15 - -11. Calculate p(g).
1
Let n(o) = -o**2 + 23*o + 171. Let g = -4108 + 4102. Calculate n(g).
-3
Let z(g) = -g - 6. Suppose 0*h - 3*h - 4*l + 17 = 0, 20 = -5*h + 3*l. Let x(y) = -2*y**3 - 2*y**2 - y + 1. Let u be x(h). Suppose -k - u*k = 2*k. What is z(k)?
-6
Let p(c) = -12 - 14*c**2 + c**3 - 104*c - 2*c**3 + 87*c + 6*c**2. Let v be p(-4). Let o(q) = q**2 + 7*q - 4. Calculate o(v).
4
Let p(x) = -x**3 - 5*x**2 + 12*x - 5. Let l(h) = -h**3 - 4*h**2 + 11*h - 5. Let g(d) = 7*l(d) - 6*p(d). Suppose -178*t + 170*t = -32. Determine g(t).
-17
Let d(l) = -l + 4. Let m = -699 - -747. Suppose -20*n + 12 + m = 0. What is d(n)?
1
Let x(n) = -n. Let h be x(1). Let r be -1*(1 - (9 + h)). Let w(o) = -20 + 7 - o**3 + 6*o**2 - r*o + 19. Give w(5).
-4
Let r(q) be the second derivative of q**4/12 + q**3/3 + 7*q. Let g(a) = a**3 - 9*a**2 - 7*a + 15. Let z be g(10). Let p = -47 + z. What is r(p)?
0
Let q(x) = -127 - 4*x**2 - 3946*x - x**3 - 3926*x + 7840*x. What is q(-4)?
1
Let u(k) = 8*k - 1. Let c be 12/(-15)*(-5)/2. Let n(p) be the second derivative of -17*p**3/6 + 3*p**2/2 - 115*p. Let q(o) = c*n(o) + 5*u(o). Calculate q(-1).
-5
Let c(y) = -y + 101. Let m(k) = 32*k - 503. Let x(q) = 5*c(q) + m(q). What is x(4)?
110
Let x(v) = -v - 38. Suppose 178 = -13*f - 225. Let k be x(f). Let h(c) = c**3 + 6*c**2 - 9*c + 4. Calculate h(k).
18
Suppose -66 + 262 = -49*z. Let n(l) = 49*l + 202. Calculate n(z).
6
Let r(i) = 10*i**2 - 4*i - 3. Suppose 13*g + 13*g = 34*g + 16. What is r(g)?
45
Let o(k) = 7*k**3 - 3*k**2 + 3*k + 6. Suppose 4541*r - 4532*r + 45 = 0. Let v(m) = 0*m - 5*m - 9 + m + 4*m**2 - 10*m**3. Let y(j) = r*v(j) - 7*o(j). Give y(0).
3
Let x(u) = 287*u**2 - 601*u**2 + 316*u**2 + 0*u - 2*u - 13. What is x(-6)?
71
Let g(y) = -8*y**3 - 2*y**2 + y + 1. Let u(f) = 157*f - 2825. Let w be u(18). Give g(w).
-8
Let r = -2206 + 2190. Let k(d) = d**3 + 15*d**2 - 17*d + 7. Give k(r).
23
Let d(o) = -o**3 + 5*o**2 - 8*o + 3. Let y = 1611 - 1608. What is d(y)?
-3
Let k(z) = -z**3 - 6*z**2 + 3*z - 9. Let b(r) = -34*r + 130. Let p be b(4). Determine k(p).
-27
Let l(d) be the second derivative of 2*d**3/3 + 21*d**2/2 + 6*d - 78. Calculate l(-3).
9
Let y(s) = -14*s - 93. Let a be y(-7). Let v(b) = -a*b**2 + 7784 + b - 7782 - 2*b. Calculate v(1).
-4
Let j be 0 + -1 + (2 - -2). Suppose 5*g - j*w = 30, -2*g + w + 12 = -2*w. Let x(y) = -2 - g - y - 2 + 0. Calculate x(-8).
-2
Let z(u) = -u**3 - 8. Let m be z(0). Let i be (1 - 0) + m + 1. Let a(w) be the first derivative of -w**2/2 - 4*w + 5609. Calculate a(i).
2
Suppose 20 = 178*o - 168*o. Let m(k) = -1 + 111*k**3 - 45*k**3 - k - 50*k**3 + 0*k**o - k**2. Determine m(-1).
-17
Let k(d) = -23*d - 19. Let n be k(-1). Let g(c) = c + c**2 + 0 - 3 - 3*c + 2 + n*c. Determine g(0).
-1
Let b(d) = -3*d**2 + 2*d + 2. Let r = -235 - -257. Suppose -i - 5*s = 13, 19*s - r*s - 3 = 3*i. Calculate b(i).
-6
Let a(o) be the first derivative of -2 + 1/24*o**4 + 23/2*o**2 - 3/2*o**3 + 0*o. Let t(y) be the second derivative of a(y). What is t(-7)?
-16
Let w(n) = 10*n - 98. Let h be 286/66*3/(-4)*-4. What is w(h)?
32
Let z be (3468/(-34))/(5/(-2) - -1). Let y = -137 + z. Let n be 9/12 - y/(-12). Let d(x) = x**3 + 5*x**2 + 2*x + 1. Calculate d(n).
-9
Let q(x) be the first derivative of 19/3*x**3 - x**2 + 31 - x. Calculate q(-1).
20
Let r = -93 + 103. Let y(q) = -7 - 18*q**3 + 10*q**3 + 4*q**3 - 9*q**2 - 9*q + 5*q**3. Give y(r).
3
Let t(i) = 9*i + 338. Let p = 3295 - 3333. What is t(p)?
-4
Let o(h) = 8*h + 8. Let i be (-2)/(-23) + (-180)/(-46). Suppose -3*a + 3 = 0, -62*j + 58*j = i*a + 12. What is o(j)?
-24
Let a(i) = i**3 - 4581 + 4575 + i**2 - 6*i - 6*i**2. Let s(p) = p**2 - 6. Let k be s(3). Suppose -3*f + 0*n = -n - 16, k*n = 5*f - 24. Calculate a(f).
-6
Let b = 34 + -35. Let k be (0*(3/b)/6)/(-2). Suppose k = 4*y + y + 2*l - 11, y - 3*l = -8. Let t(z) = 5*z**2 - 2*z + 1. Give t(y).
4
Suppose 2*p - 3*p = 0. Let u(i) = 3*i - 24. Let y(n) = 2*n - 12. Let c(q) = u(q) - 2*y(q). What is c(p)?
0
Let t(k) = 4*k**2 + 7*k + 4. Let r(c) = 3*c**2 + 6*c + 4. Suppose 100*j + 188*j = 1440. Let y = -2 + -2. Let o(i) = j*r(i) + y*t(i). Determine o(7).
-31
Let y(b) = -765*b**2 + 8*b + 8*b + 746*b**2 - 7 - 22*b. Determine y(-1).
-20
Let y(h) = -1428*h - 33 - 1428*h + 4288*h - 1434*h. What is y(14)?
-61
Let g(k) = 14*k**2 - 6*k - 2. Let x(z) be the third derivative of -2*z**5/15 + z**4/8 + z**3/6 + 146*z**2. Let y(t) = 6*g(t) + 11*x(t). What is y(-3)?
-28
Suppose o = 5*o - 4*j - 16, 2*o - 5*j - 17 = 0. Let m(d) = -o + 2 + 2*d + d - 12*d. Let b = -35 - -36. Give m(b).
-8
Let l(t) be the second derivative of t**5/60 - 3*t**4/8 + 5*t**3/6 + 143*t**2/2 - 28*t. Let x(y) be the first derivative of l(y). Determine x(9).
5
Let a(z) = -5*z + 2. Suppose 0 = 4*v - 24, 6*m + 5*v = 3*m + 18. Determine a(m).
22
Let m(u) = 7 - 6 + 3 - 7 - u. Let c(d) = -d**3 - 6*d**2 + 3*d - 3. Let z be c(-7). Let t be 10/z - (-2)/(-5). Calculate m(t).
-3
Let k be (-105)/(-40)*2 + 3/(-12). Let w(s) = -s**3 + 8*s**2 - 21*s + 30. Determine w(k).
0
Let j = 77/60 + -6/5. Let o(l) be the second derivative of l**2 - 7*l - 7/6*l**3 + 0 + j*l**4. Give o(5).
-8
Let g(u) be the second derivative of u**4/12 - u**3/6 + 3*u**2/2 + 2079*u. Determine g(-4).
23
Let m be (0/1)/(-12 - -11 - 1). Let b(h) = -h**3 + h**2 + h - 125. Give b(m).
-125
Let n(l) = -l**2 + 6. Suppose -3*g - 9*g = -24. Suppose -g*t - 3 = -27. Suppose t*q - 2 + 2 = 0. Calculate n(q).
6
Let k(s) be the third derivative of -s**4/24 - 51*s**2. Let c(t) = 3*t - 4. Let q(y) = -c(y) - 2*k(y). Determine q(-7).
11
Let d(w) = 5 - 6 + 3 - 8 + 2*w**2 + 1 + 4*w. Let y = 10 - 8. Suppose -8 = 4*p - y*p. What is d(p)?
11
Let z(g) be the first derivative of -g**3/3 - 5*g**2 - 8*g - 8. Let q(s) = s**3 - 21*s**2 + 23*s - 69. Let c be q(20). Give z(c).
1
Let r(f) = 4*f + 7*f + 10176 - 10178. Let w(l) = l**3 + 4*l**2 + 3*l. Let d be w(-2). What is r(d)?
20
Suppose 9*k - 8*k = 2. Suppose 2*m - 4 = -k. Suppose 0 = 4*y - 29 + m. Let f(w) = -w**2 + 9*w - 3. Give f(y).
11
Let s be (4 - 2)/(-14) - (-904)/56. Let m(b) = -b + 46. Calculate m(s).
30
Let v(i) = 70*i - 32*i - 18*i + 79. Let b be v(-4). Let d(j) = 13*j**3 + j**2 + j. Determine d(b).
-13
Let t(x) = 2*x**2 - 3. Let m = -460 - -455. Let v(l) = -3*l**2 + 4. Let b(h) = m*t(h) - 4*v(h). Give b(1).
1
Let a = -3 - -9. Let x = a - 9. Let g(u) = 2*u**2. What is g(x)?
18
Let p(i) = i + 49. Let z(g) = -g**3 + g**2 + 2*g + 1. Let a be z(3). Let r(n) = -10. Let l(s) = a*r(s) - 2*p(s). Let o = 77 + -69. What is l(o)?
-4
Let f(r) = 6*r - 2. Let p(c) = 7*c - 3. Let k(m) = -6*f(m) + 5*p(m). Let l(y) = -y**2 + 93*y - 596. Let v be l(86). Calculate k(v).
-9
Let i(q) = q**3 - 6*q**2 + 3. Let r(x) = -3*x**3 + 13*x**2 - 8. Let s be (-9)/(18/8) + (2 - 3). Let k(d) = s*i(d) - 2*r(d). What is k(-3)?
10
Let u(l) = -586 + 217 + 320 - 3*l**2 - l**3. Give u(-5).
1
Let p(g) = -g + 5. Let t be 334/835 + 42/(-5). Determine p(t).
13
Let g(o) = o**3 - 2*o**2 - 2*o. Let s(z) be the second derivative of z**5/20 - 3*z**4/4 - z**3/6 + 6*z**2 - 6*z. Let i = -89 + 98. Let l be s(i). What is g(l)?
3
Let l(m) = -m**2 + 12*m + 2. Suppose 144 = 4*u - 32. Suppose -170*b - 